rd derivative of -w**5/30 - w**4/6 - w**3/2 - w**2. Suppose 3*b - 13 = 2*i, i - 2*b + 5 = -b. Let x be m(i). Give s(x).
4
Let d(h) be the first derivative of h**5/60 + 5*h**4/24 + 5*h**3/6 + 21*h**2/2 + 10. Let i(a) be the second derivative of d(a). Give i(-5).
5
Let i(o) be the third derivative of o**6/120 - o**5/12 + o**4/6 - 2*o**3/3 + 2*o**2 - 8*o. What is i(4)?
-4
Suppose -56 = -20*d + 24. Let m(z) = 3*z - 14. Give m(d).
-2
Let v(p) = -p**2 - 2*p + 4. Let d be (1/(-1) - -3)/(23/(-46)). Give v(d).
-4
Suppose 0 = -26*c + 23*c + 15. Let h(w) = -w**3 + w**2 + 6*w - 7. Calculate h(c).
-77
Let z(y) = -7*y - 1. Let x(o) = 2*o + 1. Let w(f) = 4*x(f) + z(f). Calculate w(-9).
-6
Let u(q) = -q**3 - 3*q**2 + 4*q - 2. Let y(n) = 4*n**3 + 8*n**2 - 13*n + 8. Let x(c) = 7*u(c) + 2*y(c). Determine x(4).
-6
Let d be ((-14)/28)/(2/(-8)). Let f = 14 - 10. Suppose x - 7 = d*c, -3*x + f*c + 9 = -2*x. Let u(w) = w - 1. Calculate u(x).
4
Let c(u) = -u**2 + u. Let z(j) = -j**2 + j. Let b(s) = 2*c(s) - 3*z(s). Let t(k) = -12*k - 10. Let n be t(-1). What is b(n)?
2
Let c(n) = -n**3 - 6*n**2 - 5*n - 4. Let g be 84/(-8)*(-12)/9. Suppose r + g = -0*r + 3*v, -r + 5*v = 20. Give c(r).
-4
Let o(c) be the third derivative of 0 + 5/6*c**3 + 10*c**2 - 1/12*c**4 + 0*c. Let u = 51 - 47. What is o(u)?
-3
Suppose 0 = -9*h - 15 + 6. Let r(o) = 5*o**2 + o**2 - 5*o**2 + 3*o**2. Determine r(h).
4
Suppose 0*z = -2*z + 8. Let g be 6/(-4)*z/3. Let t(v) be the first derivative of v**2 - 2*v + 1. Calculate t(g).
-6
Let l = 32 - 28. Let z(m) = -l - 5 + 7 + 1 - 3*m. Give z(2).
-7
Let m(a) be the second derivative of a**4/12 - 5*a**3/6 - 2*a**2 + 215*a + 2. Let o be (-15)/(-2)*8/10. Determine m(o).
2
Let k(v) = 5*v - 3. Let u = -234 - -231. Calculate k(u).
-18
Let d = -45 + 91. Let w be d/(-14) + 2*3/21. Let o(i) be the first derivative of i**4/4 + 4*i**3/3 + i - 2. Give o(w).
10
Let h(r) = 12*r + 23 - 35 - r**2 - 5*r. Determine h(6).
-6
Let m(u) = -u**3 - 9*u**2 - u - 11. Let p be -3 - (3 + -4)*2. Let f = p + -8. What is m(f)?
-2
Let h be (-8)/(-14)*245/28. Let b(x) be the third derivative of x**5/60 - 5*x**4/24 + x**3 + x**2. Give b(h).
6
Let p(k) = -42*k + 33. Let j(n) = -16*n + 17. Let v(d) = -5*j(d) + 2*p(d). Give v(-6).
5
Let m(d) be the third derivative of -d**6/15 - d**5/30 + d**4/12 - d**3/6 - 9*d**2 + 3. What is m(1)?
-9
Let l(r) = 2*r**2 - 1441 - 1439 - 7*r + 2886. Calculate l(4).
10
Let i = 59 + -56. Suppose -i*r + 3*k = -27, 4*k - 7 = -4*r - 3. Let y(u) = u**2 - 2*u + 3. Give y(r).
18
Let l(d) = d + 12. Let j(b) = 10*b + 130. Let t(v) = 6*j(v) - 65*l(v). Let p(h) = -4*h. Let f(a) = -4*p(a) + 3*t(a). Give f(6).
6
Let r(k) = 11*k**2 - k - 1. Let x be r(-1). Let c = 9 - x. Let d(p) = -1. Let q(v) = 4*v - 24. Let f(a) = -24*d(a) + q(a). Determine f(c).
-8
Let f(j) be the third derivative of j**6/120 - j**4/6 - j**3/6 + 174*j**2. Calculate f(-2).
-1
Suppose w - f = 2*f - 15, 3*w = -2*f - 1. Let d(x) = x**3 + 3*x**2 - x. Let n be d(w). Let m(z) = -6 + z + 4*z - 3*z - n*z. What is m(-6)?
0
Let v(u) = u**3 - 10*u**2 - 10*u + 6. Let m be (22/(-4))/(-5*(-9)/(-90)). Calculate v(m).
17
Let n(p) = -16*p**3 - p**2 - p - 1. Suppose -8 = 3*t - 2*a + 3, -2*t = -a + 6. What is n(t)?
15
Let j(q) be the third derivative of -17*q**6/120 - q**5/60 + q**4/12 + q**3/3 - 5*q**2 - 10*q. Determine j(-1).
16
Let n(i) = -9*i**2 - 15*i + 15. Let k(f) = 5*f**2 + 8*f - 8. Let p(d) = 7*k(d) + 4*n(d). Give p(-3).
7
Let v(n) = n**2 - 14*n + 22. Let b(j) = j**3 - 53*j**2 - 56*j + 120. Let r be b(54). Calculate v(r).
-2
Let t(n) = 2*n**3 + 31*n**2 - 12*n + 67. Let x be t(-16). Let w(j) be the third derivative of j**5/60 - j**4/6 + j**3/3 - j**2. Determine w(x).
-1
Let u(o) = 3*o**2 + 20*o - 2. Let v(f) = f**3 + 3*f**2 + 2*f + 3. Let r be v(-2). Let p(w) = -2*w**2 - 10*w + 1. Let s(n) = r*u(n) + 5*p(n). Determine s(7).
20
Let u(g) = 80*g - 10*g**2 - 4 + 6*g**2 - 80*g. Give u(-3).
-40
Suppose 43*y - 51*y = 24. Let j(w) be the second derivative of w**4/12 + w**3/3 - w**2/2 + 2*w. What is j(y)?
2
Let b(x) = 14*x**2 + 2*x + 1. Let a(l) = 3*l**2 - 1. Let i(p) = -5*a(p) + b(p). What is i(6)?
-18
Let o(k) = k**3 + 4*k**2 + 4*k - 4. Let w(v) = v**3 + 2*v**2 + v. Let m(c) = -o(c) + 2*w(c). Give m(2).
8
Let j(i) be the second derivative of i**5/20 + i**4/3 - 2*i**3/3 - i**2 + 29*i. Let z = -57 - -53. Give j(z).
14
Let d be 6 - -1 - -1*50/(-10). Let c(u) = -3 - u + 0*u + 7. What is c(d)?
2
Let i(f) = 3*f - 4. Let u(c) = -4*c + 5. Let b(k) = 3*i(k) + 2*u(k). Let r = 1 + 0. Let q be ((-2)/4)/(r/(-4)). Give b(q).
0
Let m(d) = 12*d - 52. Let a be m(5). Suppose 2*w = -a*w - 40. Let s(v) = v**3 + 5*v**2 + 3*v - 3. Determine s(w).
1
Let y(p) = p**3 - 832*p**2 + 827*p**2 - 21*p + 3 - 6 + 13*p. Give y(6).
-15
Let o(z) = 3*z**2 - 17*z - 3. Let r be o(7). Suppose 0 = 3*c + 9, -2*n = 3*n + 5*c + r. Let k(i) = -i**2 + 1. Calculate k(n).
-3
Let k(w) be the third derivative of w**5/120 + 7*w**4/24 + w**3/2 + 2*w**2. Let m(a) be the first derivative of k(a). What is m(-7)?
0
Suppose 3*i = -0*i - 9. Let s(y) be the third derivative of -y**4/12 + y**3/6 - 124*y**2. What is s(i)?
7
Suppose -2*s - 6*z - 7 = -9*z, 3*z - 14 = -5*s. Let x(t) = 6 + 5 - 7*t**2 - 10 - 7*t**2 - t. Give x(s).
-14
Let t be 4/6 - (-8)/6. Suppose -2*l - t*l = -8. Let h(s) = s + 2. Let m(i) = 1. Let p(o) = 4*h(o) - 11*m(o). Calculate p(l).
5
Let n(q) = -q - 3. Let b be n(-3). Let x be 2*(2 - b/(-2)). Let j = x - 1. Let i(r) = -r**3 + 3*r**2 + 2*r. Calculate i(j).
6
Let r(p) = -p**2 + 1. Let n(g) = 2*g**2 - 9*g - 10. Let s(t) = n(t) + 3*r(t). Let c be 2 - ((5 - 3 - 3) + 1). Let x be -1 + c - 3/(3/8). Give s(x).
7
Let j(i) = -i**3 - 8*i**2 - 2*i - 12. Let s(w) = -15*w + 142. Let d be s(10). Give j(d).
4
Let b(f) be the first derivative of f**4/4 + 8*f**3/3 + 3*f**2 - 5*f + 302. What is b(-7)?
2
Let a(u) = u - 2. Let h be a(-8). Let n = h + 16. Suppose -5*y - n = y. Let k(s) = 2*s**3 + s + 1. Calculate k(y).
-2
Let i = 34 - 32. Let g(j) = -2*j**i + 0 - 5*j + 1 + 2 + 3*j**2. Determine g(5).
3
Let n = 11 + -8. Let m(a) be the second derivative of -1/12*a**4 - 2*a + 0 + 5/6*a**3 + 1/2*a**2. What is m(n)?
7
Let b(f) = 6*f + 3. Suppose t - 29 = -5*w, 4*w + 18*t = 14*t + 36. What is b(w)?
33
Let x(n) = -n**3 + 6*n**2 - n + 2. Let t(v) = -4*v**2 - 43*v - 91. Let w(l) = -10*l**2 - 108*l - 228. Let z(k) = -12*t(k) + 5*w(k). Let d be z(-9). Give x(d).
-4
Let f(x) = -x**2 + 527 + 4*x + 514 + 2*x - 3*x - 1031. Give f(7).
-18
Let z(r) = -r - 15. Let n(w) = w**2 - 4*w - 34. Let i be n(7). What is z(i)?
-2
Let o(n) = -2*n + 60. Let m be o(29). Let s(i) = 2*i**3 + 0*i**2 - 37 + 0*i**2 + 3*i - 3*i**2 + 34. Give s(m).
7
Let a = -39 - -43. Let x(u) = -a*u - 7*u**2 + 0 + 6*u**2 + 3 + 0. Calculate x(-6).
-9
Let i be 13/(-5) + 12/(-30). Let l(z) = 8 + 5*z - 5 + 0. Calculate l(i).
-12
Let m(y) = -2*y**2 - y + 3 + 2*y + 0 + 0. Let u(x) = -x**2 - 2*x - 3. Let f(v) = -3*v**2 - 5*v - 9. Let h(a) = -3*f(a) + 8*u(a). Let j be h(0). Calculate m(j).
-12
Let a(k) be the second derivative of k**4/12 + k**3/2 - 3*k**2/2 + 364*k. Give a(-6).
15
Let v(l) = 14*l**3 + 11*l**2 - 20*l**3 - 15*l**3 - 11*l + 14 + 20*l**3. What is v(10)?
4
Let m be ((-142)/12 - (-4)/(-24)) + 1. Suppose -18 = -n - 3. Let p = n + m. Let z(l) = 3*l - 2. Give z(p).
10
Let c(b) = 2*b + 5. Let o(p) = 3*p + 8. Let h(d) = 8*c(d) - 5*o(d). Let y be 2/(-5)*(-5 + 0). Let s be 1 + (-3 - (y - 4)). Give h(s).
0
Suppose -u + 11 = 2*p - 0, 2*p + 9 = 3*u. Let b(s) = -3*s**2 + 1 + 2*s + s**2 + 22*s**p + 4*s**2. Calculate b(-1).
-21
Let y(g) = g**2 - 4*g. Let o be (400/140)/(1*(-2)/(-7)). Let a be (1 + -7)/((-20)/o). What is y(a)?
-3
Let d(l) be the third derivative of -l**6/120 + l**5/15 - l**4/6 - l**3/3 - 219*l**2. Calculate d(2).
-2
Let h(d) = -3*d**3 + 12*d**2 + 6*d - 9. Let l be (8/(-10))/((-24)/15 + 2). Let u(o) = -o**3 + 4*o**2 + 2*o - 3. Let s(g) = l*h(g) + 7*u(g). Calculate s(4).
5
Let u be 33/(-22)*24/9. Let b(q) = -3*q - 5. What is b(u)?
7
Let z(q) = 17*q + 3. Suppose 3*u + 42 = -39*u. Determine z(u).
-14
Let j = -463 - -460. Let c(i) = 3*i - 1. Give c(j).
-10
Let g(k) = -8*k**2 - 19*k + 4. Let r(m) = -3*m**2 - 6*m + 1. Let p(s) = -4*g(s) + 11*r(s). Suppose -13*l = -30 - 48. What is p(l)?
19
Let m(z) be the third derivative of -z**5/60 